
17
Suppose -5*h = 5*q - 15, -5*q + 5*h + 7 = 2*h. Suppose -5*u - 4*j + 0*j = -2180, 1770 = 4*u - q*j. Calculate the greatest common divisor of u and 40.
40
Suppose 5*q + 3*p - 2*p = 6181, -5*p + 5 = 0. What is the greatest common divisor of q and 24?
12
Suppose 4*a - 2*t = 4756, t + 13*t = 3*a - 3567. What is the greatest common factor of a and 164?
41
Suppose -c = -2*c + 99. Let i be (-1 - 6/(-4))/((-2)/16). Let p = i + 15. What is the highest common factor of p and c?
11
Suppose c + g + 3*g = -11, 4*c - g - 24 = 0. Let q = c + -2. What is the highest common divisor of q and 147?
3
Let s be (-5 - 5)*(-2 + 58/(-5)). What is the greatest common factor of s and 17?
17
Suppose -540*r + 751941 = -411*r. What is the greatest common divisor of r and 261?
87
Suppose -3*q + 9 = -0*q. Let a be 455/21 - 2/q. Suppose -3*w + 82 = -t - t, -4*t = -4*w + 108. What is the highest common divisor of w and a?
7
Suppose -5*o + 3 = -77. Suppose -67*z + 77*z - 1160 = 0. Calculate the highest common divisor of z and o.
4
Let p(n) = n + 1. Let f be p(3). Let g(x) = -x. Let k(r) = -7*r + 1. Let v(m) = 5*g(m) - k(m). Let c be v(f). Calculate the greatest common factor of c and 28.
7
Let c be ((-4)/3)/(236/(-31683)). Let i = -32 + c. Calculate the greatest common divisor of 63 and i.
21
Let l be -9*5/(-15) - 8. Let o = l - -7. Let w be 109 + (12/4 - o). What is the highest common divisor of 44 and w?
22
Suppose 8142 + 2408 + 6206 = 71*a. What is the greatest common factor of a and 649?
59
Suppose -3*i + 29 = 5. Let v be 177 + (-1 + 2 - (-4)/2). Suppose 178*c = -3*y + v*c + 226, 2*c = -y + 62. What is the highest common divisor of i and y?
8
Suppose -n = 0, 8*u = 5*u + 3*n + 1125. What is the highest common factor of 165 and u?
15
Let m(o) = -1059*o - 3742. Let q be m(-8). What is the highest common divisor of 5 and q?
5
Suppose -58*s + 124*s - 4950 = 0. Calculate the greatest common divisor of 1650 and s.
75
Suppose -10*g + 24*g - 35434 = 0. Let m = g - 1781. What is the greatest common factor of m and 30?
30
Let u(z) = z**3 + 9*z**2 + 7*z - 3. Let b be u(-8). Suppose -6*g + b*g + 36 = 0. Suppose 17*h - 46 = 107. Calculate the greatest common divisor of h and g.
9
Let x = -996 - -107. Let f = x + 903. What is the highest common factor of 1694 and f?
14
Let a = 93 - 85. Let r(l) = 8*l - 6 - 28*l + 4*l + a*l + l**2. Let t be r(9). Calculate the greatest common divisor of 3 and t.
3
Suppose 1474 + 26 = 100*x. Calculate the highest common divisor of 42045 and x.
15
Let m(w) = 2*w**2 + 2*w. Let f be m(-6). Suppose 0 = -15*d + 11*d - 8. Let l be 4 - 2 - (-22 - (d - -2)). What is the greatest common factor of f and l?
12
Suppose -2*c - 6 + 8 = 0. Let x(p) = 93*p - 49. Let d be x(c). Calculate the greatest common divisor of 8 and d.
4
Suppose -4*t = 12, 6*p + 469 = 2*p + t. Let r = p + 150. Calculate the greatest common factor of 80 and r.
16
Suppose 73*m = -42536 + 253579. Calculate the greatest common divisor of m and 49.
49
Suppose 15639 = 18*o - 417. Calculate the greatest common factor of o and 15387.
223
Let f(b) = 292*b + 3109. Let a be f(-9). What is the greatest common factor of a and 148?
37
Suppose n + 3*n = -2*m + 38, 3*m = 3*n + 84. Suppose 0 = -5*z + m, -5*z = -q + 410 + 69. What is the greatest common factor of 56 and q?
56
Suppose -18*n + 14*n + 4480 = 0. Let w be 1*(n/4)/8. Calculate the highest common divisor of w and 91.
7
Suppose 18010 = 13*a - 36486. What is the highest common factor of 393 and a?
131
Suppose 4*r + 38 - 194 = 0. Suppose 276*x - 8464 = 18912 - 2260. Calculate the highest common factor of r and x.
13
Let f be ((30/(-7))/((-72)/(-2394)))/(36/(-48)). Suppose -6*b = -2*b - 120. What is the greatest common factor of b and f?
10
Let c = -165 - -341. Let w = -129 + 132. Let l be (-6)/(((-30)/w)/(-5)) - -19. Calculate the greatest common divisor of c and l.
16
Let n be 1 - 2 - 71/2*-2. Suppose 134 = -3*s - n. Let t = s - -230. Calculate the greatest common divisor of 18 and t.
18
Let f be -19*2/(-2) + 1. Let t = f + 31. Let y(i) = 162*i - 1603. Let k be y(10). Calculate the highest common factor of k and t.
17
Let t = 43 + -25. Suppose 3*q = -s - q + 3, -t = -2*s - 2*q. Suppose -s*i = -i - 60. Calculate the highest common factor of i and 15.
3
Suppose 240*w = 104*w + 244800. What is the greatest common factor of w and 320?
40
Suppose 0 = -24*z + 7*z + 16286. Let h = z + -938. Let s be 12/10*(25 + 0). Calculate the greatest common factor of s and h.
10
Let f be ((-76)/57 - (-3)/9)/(1/(-154)). Calculate the greatest common divisor of 826 and f.
14
Let u be ((-975)/(-9))/((-3)/(-90)*5). What is the greatest common divisor of 350 and u?
50
Suppose 0 = -119792*d + 119801*d - 2511. Calculate the greatest common divisor of 6231 and d.
93
Let i = 266 + -254. Let q be (i/4)/(15/5) - -213. What is the greatest common factor of 2 and q?
2
Suppose -5*y = 0, 0 = l + 3*l + 3*y - 432. Let z = 400 - 396. Suppose z*i + l = 10*i. Calculate the greatest common factor of i and 9.
9
Let d(k) = k**2 + 21*k - 104. Let z be d(-26). Calculate the greatest common factor of 4706 and z.
26
Let z = 97679 + -97619. Let f(g) = -164*g + 4. Let c be f(-4). What is the highest common factor of c and z?
60
Let j be (-4 - 68)*(-4)/(-8)*-2. What is the greatest common factor of 1752 and j?
24
Let w = 87 + 417. Let r = -145 + w. Suppose 11*o = -40 + r. Calculate the highest common factor of o and 203.
29
Let s(q) = 22*q**2 + 3*q + 52. Let v be s(0). Calculate the greatest common divisor of v and 78.
26
Suppose -4*x + 208 = 2*x + 7*x. What is the highest common factor of x and 168?
8
Let u be (14 + -366)*(-2)/(-4). Let z be ((-1188)/u)/((-3)/(-8)). Calculate the greatest common factor of 18 and z.
18
Let n(z) = -z**3 + 8*z**2 - 6*z + 12. Let x = -26 + 33. Let u be n(x). Let f = u - -53. Calculate the greatest common factor of f and 9.
9
Let c = 61 - 66. Let q be (c/(-15))/(-1 - (-309)/306). Let h be 344/10 - 8/20. Calculate the highest common divisor of h and q.
34
Suppose -498 = 18*z - 12*z. Let m = z - -150. What is the greatest common divisor of 469 and m?
67
Let i = 1458 + 78. Suppose 10*t = -14*t + i. What is the greatest common divisor of t and 16?
16
Suppose 4*o - 331 = -5*s, 0*s + 251 = 3*o + s. Suppose -68 = -12*u + 76. Calculate the greatest common divisor of o and u.
12
Let i(c) = c**2 - 31 + 4 + 151*c - 10 - 148*c. Let a be i(5). Calculate the greatest common divisor of 8 and a.
1
Let m be (-2)/(12/(-1690))*-3. Let f = m - -384. Let b = -251 - f. What is the highest common divisor of 42 and b?
42
Let h(p) = -205*p + 253. Let i be h(-5). Suppose -15*r + 3528 = i. Calculate the highest common factor of 825 and r.
75
Let d be ((-23)/(-1))/(2/(-4)). Let j = d + 312. What is the greatest common divisor of j and 38?
38
Suppose 2*s = 5*o - 19339 - 1910, 4*o - 3*s = 17002. What is the greatest common factor of 14 and o?
7
Suppose 0 = 2*m - 6, 5*n - m = 3 + 134. Let s = 22 - 36. Let g be (-245)/s*(3 + 2 + -1). What is the greatest common divisor of n and g?
14
Suppose 3*r - 5*g - 120 = 0, 23*g + 160 = 4*r + 25*g. What is the highest common factor of r and 380?
20
Let i be 1/(-3) - ((-1814)/6 - 10). What is the greatest common divisor of 546 and i?
78
Suppose 6804 = -3*d + 21*d. Let i = d + -59. Let v = 27 + 2. What is the greatest common factor of i and v?
29
Suppose -4*u = -2*m + 48, 5*m + 37 = 3*u + 171. Let r = m + 20. Calculate the greatest common divisor of r and 120.
24
Suppose 0 = 3*l + 9, -3*n + 2*l = -3*l - 183. Let z be (-462)/8*(((-5712)/36)/17 - -4). What is the highest common factor of z and n?
28
Suppose 113*u + 240 = 55*u + 73*u. Let d = 302 - 166. Calculate the highest common divisor of u and d.
8
Suppose -2*s - 116 = -4*a, 4*a + 6*s = 3*a + 16. What is the highest common factor of 658 and a?
14
Suppose -6707 + 3982 - 5917 = -149*v. What is the greatest common divisor of 1247 and v?
29
Let u(h) = -3*h - 4 - 7 - 3. Let k(r) = -r**2 - 15*r + 118. Let n be k(6). Let a be u(n). What is the highest common factor of 10 and a?
10
Let f(x) = 4*x**2 - x - 3. Suppose 5*p + 23 + 357 = 0. Let m = p - -79. Let l be f(m). What is the greatest common factor of 270 and l?
30
Let o(k) = -57*k**3 + 3*k**2 - 24*k - 28. Let n be o(-1). Suppose -1 = 2*m - 3*b, -4*m - 4*b + 13 = -5*m.